{"id":420,"date":"2025-10-21T11:16:40","date_gmt":"2025-10-21T11:16:40","guid":{"rendered":"https:\/\/genkonekt.hr\/?page_id=420"},"modified":"2026-02-27T13:02:38","modified_gmt":"2026-02-27T13:02:38","slug":"genetika-u-prevenciji-raka-debelog-crijeva","status":"publish","type":"page","link":"https:\/\/genkonekt.hr\/?page_id=420","title":{"rendered":"Genetika u prevenciji raka debelog crijeva"},"content":{"rendered":"\n\n\n<p class=\"has-kubio-color-2-color has-text-color has-link-color wp-elements-71012e0581c62b54932623015c70a9f6\">Rak debelog crijeva jedan je od naju\u010destalijih oblika raka i vode\u0107i uzrok smrtnosti me\u0111u malignim bolestima u Hrvatskoj i Europi. Prema podacima Hrvatskog zavoda za javno zdravstvo, godi\u0161nje se u Hrvatskoj dijagnosticira oko 3500 novih slu\u010dajeva raka debelog crijeva, a vi\u0161e od 2000 osoba umire od ove bolesti. lako postoje programi probira, mnogi pacijenti u rizi\u010dnim skupinama ne pristupaju pregledima na vrijeme \u0161to dovodi do kasne dijagnoze i smanjenih mogu\u0107nosti uspje\u0161nog lije\u010denja. <\/p>\n\n\n\n<p class=\"has-kubio-color-2-color has-text-color has-link-color wp-elements-6268c31e2b085fb4e20b631210611f0a\">Nasljedni sindromi, poput Lynchovog sindroma i obiteljske adenomatozne polipoze (FAP), zna\u010dajno pove\u0107avaju rizik od razvoja raka debelog crijeva, no mnoge osobe koje imaju pozitivnu obiteljsku anamnezu nisu ni svjesne da bi trebale razmotriti geneti\u010dko testiranje, a lije\u010dnici obiteljske medicine \u010desto nisu upoznati s kriterijima povi\u0161enog rizika kao ni s mogu\u0107nostima usmjeravanja pacijenta na geneti\u010dko savjetovanje i testiranje unutar medicinskog sustava.<br><br><\/p>\n\n\n\n<div class=\"wp-block-columns is-layout-flex wp-container-core-columns-is-layout-1 wp-block-columns-is-layout-flex\">\n<div class=\"wp-block-column is-layout-flow wp-block-column-is-layout-flow\" style=\"flex-basis:50%\">\n<p class=\"has-kubio-color-1-color has-text-color has-link-color wp-elements-1f6dbcdb64c74cf5c15f51d3e86db8e1\"><strong>Cilj ovog projekta je educirati lije\u010dnike, prvenstveno specijaliste obiteljske medicine i gastroenterologije za prepoznavanje pacijenata s pove\u0107anim geneti\u010dkim rizikom za razvoj raka debelog crijeva te pro\u0161iriti svijest op\u0107e javnosti o nasljednom raku debelog crijeva, simptomima te mogu\u0107nostima za osobe s povi\u0161enim rizikom za razvoj ovog raka.<\/strong><\/p>\n\n\n\n<p class=\"has-kubio-color-1-color has-text-color has-link-color wp-elements-d16f122e354e8bb99190b7fcddac7549\"><\/p>\n\n\n\n\n\n<ul class=\"wp-block-list\">\n<li>edukaciju lije\u010dnika op\u0107e prakse o genetskim predispozicijama i kriterijima za upu\u0107ivanje pacijenata na geneti\u010dko savjetovanje i testiranje<\/li>\n\n\n\n<li>razvoj edukativnih materijala za lije\u010dnike i gra\u0111ane<\/li>\n\n\n\n<li>provedbu digitalne kampanje s klju\u010dnim informacijama o nasljednim sindromima i prevenciji raka debelog crijeva<\/li>\n<\/ul>\n\n\n\n<p>Projekt se provodi u suradnji s <strong>Institut za gastroenterolo\u0161ke tumore (IGET)<\/strong>, uz podr\u0161ku stru\u010dnjaka iz podru\u010dja medicinske genetike i onkologije.<\/p>\n\n\n\n<p class=\"has-kubio-color-1-color has-text-color has-link-color wp-elements-a050ce52d78d827365bb637e385cd45b\">Projekt je financiran od strane <strong>Grada Zagreb<\/strong>.<\/p>\n<\/div>\n\n\n\n<div class=\"wp-block-column is-vertically-aligned-center is-layout-flow wp-block-column-is-layout-flow\" style=\"flex-basis:50%\">\n<div class=\"wp-block-buttons is-content-justification-center is-layout-flex wp-container-core-buttons-is-layout-1 wp-block-buttons-is-layout-flex\">\n<div class=\"wp-block-button\"><a class=\"wp-block-button__link wp-element-button\" href=\"https:\/\/genkonekt.hr\/?page_id=510\">O nasljednom raku debelog crijeva<\/a><\/div>\n<\/div>\n\n\n\n<div class=\"wp-block-buttons is-content-justification-center is-layout-flex wp-container-core-buttons-is-layout-2 wp-block-buttons-is-layout-flex\">\n<div class=\"wp-block-button is-style-fill\"><a class=\"wp-block-button__link has-kubio-color-2-background-color has-background wp-element-button\" href=\"https:\/\/genkonekt.hr\/?page_id=501\">Jeste li kandidat za geneti\u010dko savjetovanje ili testiranje?<\/a><\/div>\n<\/div>\n<\/div>\n<\/div>\n\n\n\n<p class=\"has-kubio-color-4-background-color has-background\">U sklopu projekta, 29.10.2025. odr\u017ean je stru\u010dni skup &#8220;Nasljedni tumori debelog crijeva&#8221;. Vi\u0161e o skupu prona\u0111ite na <a href=\"https:\/\/genkonekt.hr\/?p=481\" data-type=\"post\" data-id=\"481\"><strong><span style=\"text-decoration: underline;\">blogu<\/span><\/strong><\/a>, a odr\u017eana predavanja poslu\u0161ajte na <a href=\"https:\/\/www.youtube.com\/playlist?list=PLJmO9D-uAtP65ZOnJxfN8uhwtXyN_R3tZ\"><strong><span style=\"text-decoration: underline;\">poveznici<\/span><\/strong><\/a>.<\/p>\n\n\n\n\n\n\n\n\n","protected":false},"excerpt":{"rendered":"<p>Rak debelog crijeva jedan je od naju\u010destalijih oblika raka i vode\u0107i uzrok smrtnosti me\u0111u malignim bolestima u Hrvatskoj i Europi. Prema podacima Hrvatskog zavoda za javno zdravstvo, godi\u0161nje se u Hrvatskoj dijagnosticira oko 3500 novih slu\u010dajeva raka debelog crijeva, a vi\u0161e od 2000 osoba umire od ove bolesti. lako postoje programi probira, mnogi pacijenti u [&hellip;]<\/p>\n","protected":false},"author":1,"featured_media":0,"parent":0,"menu_order":0,"comment_status":"closed","ping_status":"closed","template":"","meta":{"saved_in_kubio":true,"footnotes":""},"class_list":["post-420","page","type-page","status-publish","hentry"],"kubio_ai_page_context":{"short_desc":"","purpose":"general"},"yoast_head":"<!-- This site is optimized with the Yoast SEO plugin v23.7 - https:\/\/yoast.com\/wordpress\/plugins\/seo\/ -->\n<title>Genetika u prevenciji raka debelog crijeva -<\/title>\n<meta name=\"robots\" content=\"index, follow, max-snippet:-1, max-image-preview:large, max-video-preview:-1\" \/>\n<link rel=\"canonical\" href=\"https:\/\/genkonekt.hr\/?page_id=420\" \/>\n<meta property=\"og:locale\" content=\"en_US\" \/>\n<meta property=\"og:type\" content=\"article\" \/>\n<meta property=\"og:title\" content=\"Genetika u prevenciji raka debelog crijeva -\" \/>\n<meta property=\"og:description\" content=\"Rak debelog crijeva jedan je od naju\u010destalijih oblika raka i vode\u0107i uzrok smrtnosti me\u0111u malignim bolestima u Hrvatskoj i Europi. Prema podacima Hrvatskog zavoda za javno zdravstvo, godi\u0161nje se u Hrvatskoj dijagnosticira oko 3500 novih slu\u010dajeva raka debelog crijeva, a vi\u0161e od 2000 osoba umire od ove bolesti. lako postoje programi probira, mnogi pacijenti u [&hellip;]\" \/>\n<meta property=\"og:url\" content=\"https:\/\/genkonekt.hr\/?page_id=420\" \/>\n<meta property=\"article:modified_time\" content=\"2026-02-27T13:02:38+00:00\" \/>\n<meta name=\"twitter:card\" content=\"summary_large_image\" \/>\n<meta name=\"twitter:label1\" content=\"Est. reading time\" \/>\n\t<meta name=\"twitter:data1\" content=\"1 minute\" \/>\n<script type=\"application\/ld+json\" class=\"yoast-schema-graph\">{\"@context\":\"https:\/\/schema.org\",\"@graph\":[{\"@type\":\"WebPage\",\"@id\":\"https:\/\/genkonekt.hr\/?page_id=420\",\"url\":\"https:\/\/genkonekt.hr\/?page_id=420\",\"name\":\"Genetika u prevenciji raka debelog crijeva -\",\"isPartOf\":{\"@id\":\"https:\/\/genkonekt.hr\/#website\"},\"datePublished\":\"2025-10-21T11:16:40+00:00\",\"dateModified\":\"2026-02-27T13:02:38+00:00\",\"breadcrumb\":{\"@id\":\"https:\/\/genkonekt.hr\/?page_id=420#breadcrumb\"},\"inLanguage\":\"en-US\",\"potentialAction\":[{\"@type\":\"ReadAction\",\"target\":[\"https:\/\/genkonekt.hr\/?page_id=420\"]}]},{\"@type\":\"BreadcrumbList\",\"@id\":\"https:\/\/genkonekt.hr\/?page_id=420#breadcrumb\",\"itemListElement\":[{\"@type\":\"ListItem\",\"position\":1,\"name\":\"Home\",\"item\":\"https:\/\/genkonekt.hr\/\"},{\"@type\":\"ListItem\",\"position\":2,\"name\":\"Genetika u prevenciji raka debelog crijeva\"}]},{\"@type\":\"WebSite\",\"@id\":\"https:\/\/genkonekt.hr\/#website\",\"url\":\"https:\/\/genkonekt.hr\/\",\"name\":\"\",\"description\":\"\",\"potentialAction\":[{\"@type\":\"SearchAction\",\"target\":{\"@type\":\"EntryPoint\",\"urlTemplate\":\"https:\/\/genkonekt.hr\/?s={search_term_string}\"},\"query-input\":{\"@type\":\"PropertyValueSpecification\",\"valueRequired\":true,\"valueName\":\"search_term_string\"}}],\"inLanguage\":\"en-US\"}]}<\/script>\n<!-- \/ Yoast SEO plugin. -->","yoast_head_json":{"title":"Genetika u prevenciji raka debelog crijeva -","robots":{"index":"index","follow":"follow","max-snippet":"max-snippet:-1","max-image-preview":"max-image-preview:large","max-video-preview":"max-video-preview:-1"},"canonical":"https:\/\/genkonekt.hr\/?page_id=420","og_locale":"en_US","og_type":"article","og_title":"Genetika u prevenciji raka debelog crijeva -","og_description":"Rak debelog crijeva jedan je od naju\u010destalijih oblika raka i vode\u0107i uzrok smrtnosti me\u0111u malignim bolestima u Hrvatskoj i Europi. Prema podacima Hrvatskog zavoda za javno zdravstvo, godi\u0161nje se u Hrvatskoj dijagnosticira oko 3500 novih slu\u010dajeva raka debelog crijeva, a vi\u0161e od 2000 osoba umire od ove bolesti. lako postoje programi probira, mnogi pacijenti u [&hellip;]","og_url":"https:\/\/genkonekt.hr\/?page_id=420","article_modified_time":"2026-02-27T13:02:38+00:00","twitter_card":"summary_large_image","twitter_misc":{"Est. reading time":"1 minute"},"schema":{"@context":"https:\/\/schema.org","@graph":[{"@type":"WebPage","@id":"https:\/\/genkonekt.hr\/?page_id=420","url":"https:\/\/genkonekt.hr\/?page_id=420","name":"Genetika u prevenciji raka debelog crijeva -","isPartOf":{"@id":"https:\/\/genkonekt.hr\/#website"},"datePublished":"2025-10-21T11:16:40+00:00","dateModified":"2026-02-27T13:02:38+00:00","breadcrumb":{"@id":"https:\/\/genkonekt.hr\/?page_id=420#breadcrumb"},"inLanguage":"en-US","potentialAction":[{"@type":"ReadAction","target":["https:\/\/genkonekt.hr\/?page_id=420"]}]},{"@type":"BreadcrumbList","@id":"https:\/\/genkonekt.hr\/?page_id=420#breadcrumb","itemListElement":[{"@type":"ListItem","position":1,"name":"Home","item":"https:\/\/genkonekt.hr\/"},{"@type":"ListItem","position":2,"name":"Genetika u prevenciji raka debelog crijeva"}]},{"@type":"WebSite","@id":"https:\/\/genkonekt.hr\/#website","url":"https:\/\/genkonekt.hr\/","name":"","description":"","potentialAction":[{"@type":"SearchAction","target":{"@type":"EntryPoint","urlTemplate":"https:\/\/genkonekt.hr\/?s={search_term_string}"},"query-input":{"@type":"PropertyValueSpecification","valueRequired":true,"valueName":"search_term_string"}}],"inLanguage":"en-US"}]}},"_links":{"self":[{"href":"https:\/\/genkonekt.hr\/index.php?rest_route=\/wp\/v2\/pages\/420"}],"collection":[{"href":"https:\/\/genkonekt.hr\/index.php?rest_route=\/wp\/v2\/pages"}],"about":[{"href":"https:\/\/genkonekt.hr\/index.php?rest_route=\/wp\/v2\/types\/page"}],"author":[{"embeddable":true,"href":"https:\/\/genkonekt.hr\/index.php?rest_route=\/wp\/v2\/users\/1"}],"replies":[{"embeddable":true,"href":"https:\/\/genkonekt.hr\/index.php?rest_route=%2Fwp%2Fv2%2Fcomments&post=420"}],"version-history":[{"count":23,"href":"https:\/\/genkonekt.hr\/index.php?rest_route=\/wp\/v2\/pages\/420\/revisions"}],"predecessor-version":[{"id":672,"href":"https:\/\/genkonekt.hr\/index.php?rest_route=\/wp\/v2\/pages\/420\/revisions\/672"}],"wp:attachment":[{"href":"https:\/\/genkonekt.hr\/index.php?rest_route=%2Fwp%2Fv2%2Fmedia&parent=420"}],"curies":[{"name":"wp","href":"https:\/\/api.w.org\/{rel}","templated":true}]}}